{"id":127,"date":"2020-06-09T15:45:46","date_gmt":"2020-06-09T15:45:46","guid":{"rendered":"https:\/\/oervanovis.nl\/?page_id=127"},"modified":"2022-01-16T15:14:20","modified_gmt":"2022-01-16T15:14:20","slug":"het-programma","status":"publish","type":"page","link":"https:\/\/staging.oervanovis.nl\/?page_id=127","title":{"rendered":"Het programma"},"content":{"rendered":"<div data-colibri-id=\"127-c1\" class=\"style-346 style-local-127-c1 position-relative\">\n  <!---->\n  <div data-colibri-component=\"section\" data-colibri-id=\"127-c2\" id=\"about\" class=\"h-section h-section-global-spacing d-flex align-items-lg-center align-items-md-center align-items-center style-448 style-local-127-c2 position-relative\">\n    <!---->\n    <!---->\n    <div class=\"h-section-grid-container h-section-boxed-container\">\n      <!---->\n      <div data-colibri-id=\"127-c3\" class=\"h-row-container gutters-row-lg-0 gutters-row-md-0 gutters-row-0 gutters-row-v-lg-0 gutters-row-v-md-0 gutters-row-v-0 style-449 style-local-127-c3 position-relative\">\n        <!---->\n        <div class=\"h-row justify-content-lg-center justify-content-md-center justify-content-center align-items-lg-stretch align-items-md-stretch align-items-stretch gutters-col-lg-0 gutters-col-md-0 gutters-col-0 gutters-col-v-lg-0 gutters-col-v-md-0 gutters-col-v-0\">\n          <!---->\n          <div class=\"h-column h-column-container d-flex h-col-lg-auto h-col-md-auto h-col-auto style-450-outer style-local-127-c4-outer\">\n            <div data-colibri-id=\"127-c4\" class=\"d-flex h-flex-basis h-column__inner h-px-lg-0 h-px-md-0 h-px-0 v-inner-lg-0 v-inner-md-0 v-inner-0 style-450 style-local-127-c4 position-relative\">\n              <!---->\n              <!---->\n              <div class=\"w-100 h-y-container h-column__content h-column__v-align flex-basis-100 align-self-lg-start align-self-md-start align-self-start\">\n                <!---->\n                <div data-colibri-id=\"127-c5\" class=\"h-global-transition-all h-heading style-451 style-local-127-c5 position-relative h-element\">\n                  <!---->\n                  <div class=\"h-heading__outer style-451 style-local-127-c5\">\n                    <!---->\n                    <!---->\n                    <h5 class=\"\">Over ons<\/h5>\n                  <\/div>\n                <\/div>\n                <div data-colibri-id=\"127-c6\" class=\"h-global-transition-all h-heading style-452 style-local-127-c6 position-relative h-element\">\n                  <!---->\n                  <div class=\"h-heading__outer style-452 style-local-127-c6\">\n                    <!---->\n                    <!---->\n                    <h2 class=\"\">Mijn naam is Rina Boerakker<\/h2>\n                  <\/div>\n                <\/div>\n                <div data-colibri-id=\"127-c7\" class=\"h-text h-text-component style-453 style-local-127-c7 position-relative h-element\">\n                  <!---->\n                  <!---->\n                  <div class=\"\">\n                    <p><span style=\"color: rgb(0, 112, 192);\">en gedurende 9 jaar ben ik volop actief geweest in een grote schapenhouderij. Al die tijd is er hard gewerkt aan het opbouwen van een mooie , gezonde kudde om trots op te kunnen zijn. Het hebben van goede informatie over de kudde is hiervoor ontzettend belangrijk gebleken.<\/span><\/p>\n                    <p>\n                      <br>\n                    <\/p>\n                  <\/div>\n                <\/div>\n              <\/div>\n            <\/div>\n          <\/div>\n          <div class=\"h-column h-column-container d-flex h-col-lg-auto h-col-md-auto h-col-auto style-454-outer style-local-127-c8-outer\">\n            <div data-colibri-id=\"127-c8\" class=\"d-flex h-flex-basis h-column__inner h-ui-empty-state-container h-px-lg-2 h-px-md-2 h-px-2 v-inner-lg-2 v-inner-md-2 v-inner-2 style-454 style-local-127-c8 position-relative\">\n              <!---->\n              <!---->\n              <div class=\"w-100 h-y-container h-column__content h-column__v-align flex-basis-100\">\n                <!---->\n              <\/div>\n            <\/div>\n          <\/div>\n        <\/div>\n      <\/div>\n    <\/div>\n  <\/div>\n  <div data-colibri-component=\"section\" data-colibri-id=\"127-c9\" id=\"about-2\" class=\"h-section h-section-global-spacing d-flex align-items-lg-center align-items-md-center align-items-center style-461 style-local-127-c9 position-relative\">\n    <!---->\n    <!---->\n    <div class=\"h-section-grid-container h-section-boxed-container\">\n      <!---->\n      <div data-colibri-id=\"127-c10\" class=\"h-row-container gutters-row-lg-0 gutters-row-md-0 gutters-row-0 gutters-row-v-lg-0 gutters-row-v-md-0 gutters-row-v-0 style-462 style-local-127-c10 position-relative\">\n        <!---->\n        <div class=\"h-row justify-content-lg-center justify-content-md-center justify-content-center align-items-lg-stretch align-items-md-stretch align-items-stretch gutters-col-lg-0 gutters-col-md-0 gutters-col-0 gutters-col-v-lg-0 gutters-col-v-md-0 gutters-col-v-0\">\n          <!---->\n          <div class=\"h-column h-column-container d-flex h-col-lg-auto h-col-md-auto h-col-auto style-463-outer style-local-127-c11-outer\">\n            <div data-colibri-id=\"127-c11\" class=\"d-flex h-flex-basis h-column__inner h-ui-empty-state-container h-px-lg-0 h-px-md-0 h-px-0 v-inner-lg-0 v-inner-md-0 v-inner-0 style-463 style-local-127-c11 position-relative\">\n              <!---->\n              <!---->\n              <div class=\"w-100 h-y-container h-column__content h-column__v-align flex-basis-100\">\n                <!---->\n              <\/div>\n            <\/div>\n          <\/div>\n          <div class=\"h-column h-column-container d-flex h-col-lg-auto h-col-md-auto h-col-auto style-464-outer style-local-127-c12-outer\">\n            <div data-colibri-id=\"127-c12\" class=\"d-flex h-flex-basis h-column__inner h-px-lg-2 h-px-md-2 h-px-2 v-inner-lg-2 v-inner-md-2 v-inner-2 style-464 style-local-127-c12 position-relative\">\n              <!---->\n              <!---->\n              <div class=\"w-100 h-y-container h-column__content h-column__v-align flex-basis-100 align-self-lg-start align-self-md-start align-self-start\">\n                <!---->\n                <div data-colibri-id=\"127-c13\" class=\"h-global-transition-all h-heading style-466 style-local-127-c13 position-relative h-element\">\n                  <!---->\n                  <div class=\"h-heading__outer style-466 style-local-127-c13\">\n                    <!---->\n                    <!---->\n                    <h2 class=\"\">In het begin<\/h2>\n                  <\/div>\n                <\/div>\n                <div data-colibri-id=\"127-c14\" class=\"h-text h-text-component style-467 style-local-127-c14 position-relative h-element\">\n                  <!---->\n                  <!---->\n                  <div class=\"\">\n                    <p><span style=\"color: rgb(0, 112, 192); font-family: Calibri; font-size: 12pt;\">gebeurde het echt goed bijhouden van informatie over de kudde en het verzamelen van bedrijfsresultaten nog veel te weinig. Vanaf 2006 ben ik daarom begonnen om gegevens vast te leggen in Excel en daarmee is het management-informatie programma ontstaan. Door ook het voer, de medicijnen en bv de pacht van het land in te voeren kregen we met de technische en financi\u00eble gegevens steeds meer grip op de opbrengsten, maar ook steeds meer inzichten in de kosten van onze schapenhouderij.<\/span><\/p>\n                  <\/div>\n                <\/div>\n              <\/div>\n            <\/div>\n          <\/div>\n        <\/div>\n      <\/div>\n    <\/div>\n  <\/div>\n  <div data-colibri-component=\"section\" data-colibri-id=\"127-c15\" id=\"custom\" class=\"h-section h-section-global-spacing d-flex align-items-lg-start align-items-md-start align-items-start style-441 style-local-127-c15 position-relative\">\n    <!---->\n    <!---->\n    <div class=\"h-section-grid-container h-section-boxed-container\">\n      <!---->\n      <div data-colibri-id=\"127-c16\" class=\"h-row-container gutters-row-lg-2 gutters-row-md-2 gutters-row-0 gutters-row-v-lg-2 gutters-row-v-md-2 gutters-row-v-2 style-442 style-local-127-c16 position-relative\">\n        <!---->\n        <div class=\"h-row justify-content-lg-center justify-content-md-center justify-content-center align-items-lg-stretch align-items-md-stretch align-items-stretch gutters-col-lg-2 gutters-col-md-2 gutters-col-0 gutters-col-v-lg-2 gutters-col-v-md-2 gutters-col-v-2\">\n          <!---->\n          <div class=\"h-column h-column-container d-flex h-col-lg-auto h-col-md-auto h-col-auto style-443-outer style-local-127-c17-outer\">\n            <div data-colibri-id=\"127-c17\" class=\"d-flex h-flex-basis h-column__inner h-px-lg-2 h-px-md-2 h-px-2 v-inner-lg-2 v-inner-md-2 v-inner-2 style-443 style-local-127-c17 position-relative\">\n              <!---->\n              <!---->\n              <div class=\"w-100 h-y-container h-column__content h-column__v-align flex-basis-100 align-self-lg-start align-self-md-start align-self-start\">\n                <!---->\n                <div data-colibri-id=\"127-c18\" class=\"h-text h-text-component style-444 style-local-127-c18 position-relative h-element\">\n                  <!---->\n                  <!---->\n                  <div class=\"\">\n                    <p><span style=\"color: rgb(0, 112, 192);\">Met het bijhouden in Excel kwam er al veel meer informatie beschikbaar dan we voorheen hadden, maar het verzamelen ervan kostte nog teveel tijd. Dit ging veranderen toen ik Bas van de Ven leerde kennen. Al tijdens zijn studie ging hij met het management-informatie programma aan de gang en konden we in eerste instantie lokaal en later op internet beginnen. Hierbij gebruikten we voor het eerst een reader voor het uitlezen van de elektronische nummers van de dieren. Na uitgebreid testen in de praktijk ging het verzamelen van data een stuk sneller en eenvoudiger. Ook melden bij de overheid behoorde al tot de mogelijkheden van het programma.<\/span><\/p>\n                    <p><span style=\"color: rgb(0, 112, 192);\"><span class=\"ql-cursor\">\ufeff<\/span>Na deze stappen wilde ik het programma nog verder ontwikkelen; n\u00f3g meer gegevens, n\u00f3g meer gemak \u00e9n betere informatie. Maar de reader waarmee we werkten kon deze\n                      ontwikkeling niet aan, uitbouwen was niet verder mogelijk. Met de aanschaf van de stikreader AWR300 is de volgende stap gezet en is Bas het management-informatie programma gaan her programmeren. Al die tijd werkend en denkend vanuit\n                      de praktijk om het de schapenhouder zo makkelijk mogelijk te maken. Bas is inmiddels onze vaste programmeur en daarmee is het programma uitgegroeid tot een totaal pakket wat draait in een volledig beveiligde omgeving.&nbsp;<\/span>\n                    <\/p>\n                    <p>\n                      <br>\n                    <\/p>\n                    <p>\n                      <br>\n                    <\/p>\n                    <p>\n                      <br>\n                    <\/p>\n                  <\/div>\n                <\/div>\n              <\/div>\n            <\/div>\n          <\/div>\n        <\/div>\n      <\/div>\n    <\/div>\n  <\/div>\n<\/div>","protected":false},"excerpt":{"rendered":"<p>Over ons Mijn naam is Rina Boerakker en gedurende 9 jaar ben ik volop actief geweest in een grote schapenhouderij. Al die tijd is er hard gewerkt aan het opbouwen van een mooie , gezonde kudde om trots op te kunnen zijn. Het hebben van goede informatie over de kudde is hiervoor ontzettend belangrijk gebleken. [&hellip;]<\/p>\n","protected":false},"author":3,"featured_media":0,"parent":0,"menu_order":0,"comment_status":"closed","ping_status":"closed","template":"page-templates\/full-width-page.php","meta":{"footnotes":""},"class_list":["post-127","page","type-page","status-publish","hentry"],"_links":{"self":[{"href":"https:\/\/staging.oervanovis.nl\/index.php?rest_route=\/wp\/v2\/pages\/127","targetHints":{"allow":["GET"]}}],"collection":[{"href":"https:\/\/staging.oervanovis.nl\/index.php?rest_route=\/wp\/v2\/pages"}],"about":[{"href":"https:\/\/staging.oervanovis.nl\/index.php?rest_route=\/wp\/v2\/types\/page"}],"author":[{"embeddable":true,"href":"https:\/\/staging.oervanovis.nl\/index.php?rest_route=\/wp\/v2\/users\/3"}],"replies":[{"embeddable":true,"href":"https:\/\/staging.oervanovis.nl\/index.php?rest_route=%2Fwp%2Fv2%2Fcomments&post=127"}],"version-history":[{"count":14,"href":"https:\/\/staging.oervanovis.nl\/index.php?rest_route=\/wp\/v2\/pages\/127\/revisions"}],"predecessor-version":[{"id":1069,"href":"https:\/\/staging.oervanovis.nl\/index.php?rest_route=\/wp\/v2\/pages\/127\/revisions\/1069"}],"wp:attachment":[{"href":"https:\/\/staging.oervanovis.nl\/index.php?rest_route=%2Fwp%2Fv2%2Fmedia&parent=127"}],"curies":[{"name":"wp","href":"https:\/\/api.w.org\/{rel}","templated":true}]}}